{"id":2198,"date":"2025-05-13T15:00:56","date_gmt":"2025-05-13T15:00:56","guid":{"rendered":"https:\/\/peterkepkeret.hu\/?post_type=referenciak&#038;p=2198"},"modified":"2025-05-13T15:00:56","modified_gmt":"2025-05-13T15:00:56","slug":"munkacsy-mihaly-zichy-zsofia-portreja","status":"publish","type":"referenciak","link":"https:\/\/peterkepkeret.hu\/en\/referenciak\/munkacsy-mihaly-zichy-zsofia-portreja\/","title":{"rendered":"Munk\u00e1csy Mih\u00e1ly: Zichy Zs\u00f3fia portr\u00e9ja"},"content":{"rendered":"<p><img fetchpriority=\"high\" decoding=\"async\" class=\"alignnone  wp-image-2199\" src=\"https:\/\/peterkepkeret.hu\/wp-content\/uploads\/2025\/05\/munkacsy-284x300.png\" alt=\"\" width=\"1069\" height=\"1129\" srcset=\"https:\/\/peterkepkeret.hu\/wp-content\/uploads\/2025\/05\/munkacsy-284x300.png 284w, https:\/\/peterkepkeret.hu\/wp-content\/uploads\/2025\/05\/munkacsy-970x1024.png 970w, https:\/\/peterkepkeret.hu\/wp-content\/uploads\/2025\/05\/munkacsy-768x811.png 768w, https:\/\/peterkepkeret.hu\/wp-content\/uploads\/2025\/05\/munkacsy-11x12.png 11w, https:\/\/peterkepkeret.hu\/wp-content\/uploads\/2025\/05\/munkacsy.png 1022w\" sizes=\"(max-width: 1069px) 100vw, 1069px\" \/><\/p>\n<p>XVI. Lajos st\u00edlus\u00fa &#8222;blondel&#8221; keret | Vir\u00e1g Judit Gal\u00e9ria, 2024<\/p>","protected":false},"excerpt":{"rendered":"<p>XVI. Lajos st\u00edlus\u00fa &#8222;blondel&#8221; keret | Vir\u00e1g Judit Gal\u00e9ria, 2024<\/p>","protected":false},"featured_media":2199,"template":"","class_list":["post-2198","referenciak","type-referenciak","status-publish","has-post-thumbnail","hentry"],"yoast_head":"<!-- This site is optimized with the Yoast SEO plugin v27.4 - https:\/\/yoast.com\/product\/yoast-seo-wordpress\/ -->\n<title>Munk\u00e1csy Mih\u00e1ly: Zichy Zs\u00f3fia portr\u00e9ja - P\u00e9ter k\u00e9pkeret<\/title>\n<meta name=\"robots\" content=\"index, follow, max-snippet:-1, max-image-preview:large, max-video-preview:-1\" \/>\n<link rel=\"canonical\" href=\"https:\/\/peterkepkeret.hu\/en\/referenciak\/munkacsy-mihaly-zichy-zsofia-portreja\/\" \/>\n<meta property=\"og:locale\" content=\"en_GB\" \/>\n<meta property=\"og:type\" content=\"article\" \/>\n<meta property=\"og:title\" content=\"Munk\u00e1csy Mih\u00e1ly: Zichy Zs\u00f3fia portr\u00e9ja - P\u00e9ter k\u00e9pkeret\" \/>\n<meta property=\"og:description\" content=\"XVI. Lajos st\u00edlus\u00fa &quot;blondel&quot; keret | Vir\u00e1g Judit Gal\u00e9ria, 2024\" \/>\n<meta property=\"og:url\" content=\"https:\/\/peterkepkeret.hu\/en\/referenciak\/munkacsy-mihaly-zichy-zsofia-portreja\/\" \/>\n<meta property=\"og:site_name\" content=\"P\u00e9ter k\u00e9pkeret\" \/>\n<meta property=\"og:image\" content=\"https:\/\/peterkepkeret.hu\/wp-content\/uploads\/2025\/05\/munkacsy.png\" \/>\n\t<meta property=\"og:image:width\" content=\"1022\" \/>\n\t<meta property=\"og:image:height\" content=\"1079\" \/>\n\t<meta property=\"og:image:type\" content=\"image\/png\" \/>\n<meta name=\"twitter:card\" content=\"summary_large_image\" \/>\n<meta name=\"twitter:label1\" content=\"Estimated reading time\" \/>\n\t<meta name=\"twitter:data1\" content=\"1 minute\" \/>\n<script type=\"application\/ld+json\" class=\"yoast-schema-graph\">{\"@context\":\"https:\\\/\\\/schema.org\",\"@graph\":[{\"@type\":\"WebPage\",\"@id\":\"https:\\\/\\\/peterkepkeret.hu\\\/referenciak\\\/munkacsy-mihaly-zichy-zsofia-portreja\\\/\",\"url\":\"https:\\\/\\\/peterkepkeret.hu\\\/referenciak\\\/munkacsy-mihaly-zichy-zsofia-portreja\\\/\",\"name\":\"Munk\u00e1csy Mih\u00e1ly: Zichy Zs\u00f3fia portr\u00e9ja - P\u00e9ter k\u00e9pkeret\",\"isPartOf\":{\"@id\":\"https:\\\/\\\/peterkepkeret.hu\\\/#website\"},\"primaryImageOfPage\":{\"@id\":\"https:\\\/\\\/peterkepkeret.hu\\\/referenciak\\\/munkacsy-mihaly-zichy-zsofia-portreja\\\/#primaryimage\"},\"image\":{\"@id\":\"https:\\\/\\\/peterkepkeret.hu\\\/referenciak\\\/munkacsy-mihaly-zichy-zsofia-portreja\\\/#primaryimage\"},\"thumbnailUrl\":\"https:\\\/\\\/peterkepkeret.hu\\\/wp-content\\\/uploads\\\/2025\\\/05\\\/munkacsy.png\",\"datePublished\":\"2025-05-13T15:00:56+00:00\",\"breadcrumb\":{\"@id\":\"https:\\\/\\\/peterkepkeret.hu\\\/referenciak\\\/munkacsy-mihaly-zichy-zsofia-portreja\\\/#breadcrumb\"},\"inLanguage\":\"en-GB\",\"potentialAction\":[{\"@type\":\"ReadAction\",\"target\":[\"https:\\\/\\\/peterkepkeret.hu\\\/referenciak\\\/munkacsy-mihaly-zichy-zsofia-portreja\\\/\"]}]},{\"@type\":\"ImageObject\",\"inLanguage\":\"en-GB\",\"@id\":\"https:\\\/\\\/peterkepkeret.hu\\\/referenciak\\\/munkacsy-mihaly-zichy-zsofia-portreja\\\/#primaryimage\",\"url\":\"https:\\\/\\\/peterkepkeret.hu\\\/wp-content\\\/uploads\\\/2025\\\/05\\\/munkacsy.png\",\"contentUrl\":\"https:\\\/\\\/peterkepkeret.hu\\\/wp-content\\\/uploads\\\/2025\\\/05\\\/munkacsy.png\",\"width\":1022,\"height\":1079},{\"@type\":\"BreadcrumbList\",\"@id\":\"https:\\\/\\\/peterkepkeret.hu\\\/referenciak\\\/munkacsy-mihaly-zichy-zsofia-portreja\\\/#breadcrumb\",\"itemListElement\":[{\"@type\":\"ListItem\",\"position\":1,\"name\":\"Kezd\u0151lap\",\"item\":\"https:\\\/\\\/peterkepkeret.hu\\\/\"},{\"@type\":\"ListItem\",\"position\":2,\"name\":\"Referenci\u00e1k\",\"item\":\"https:\\\/\\\/peterkepkeret.hu\\\/referenciak\\\/\"},{\"@type\":\"ListItem\",\"position\":3,\"name\":\"Munk\u00e1csy Mih\u00e1ly: Zichy Zs\u00f3fia portr\u00e9ja\"}]},{\"@type\":\"WebSite\",\"@id\":\"https:\\\/\\\/peterkepkeret.hu\\\/#website\",\"url\":\"https:\\\/\\\/peterkepkeret.hu\\\/\",\"name\":\"P\u00e9ter k\u00e9pkeret\",\"description\":\"Nek\u00fcnk m\u0171kincs, \u00d6nnek szem\u00e9lyes t\u00f6rt\u00e9net!\",\"potentialAction\":[{\"@type\":\"SearchAction\",\"target\":{\"@type\":\"EntryPoint\",\"urlTemplate\":\"https:\\\/\\\/peterkepkeret.hu\\\/?s={search_term_string}\"},\"query-input\":{\"@type\":\"PropertyValueSpecification\",\"valueRequired\":true,\"valueName\":\"search_term_string\"}}],\"inLanguage\":\"en-GB\"}]}<\/script>\n<!-- \/ Yoast SEO plugin. -->","yoast_head_json":{"title":"Munk\u00e1csy Mih\u00e1ly: Zichy Zs\u00f3fia portr\u00e9ja - P\u00e9ter k\u00e9pkeret","robots":{"index":"index","follow":"follow","max-snippet":"max-snippet:-1","max-image-preview":"max-image-preview:large","max-video-preview":"max-video-preview:-1"},"canonical":"https:\/\/peterkepkeret.hu\/en\/referenciak\/munkacsy-mihaly-zichy-zsofia-portreja\/","og_locale":"en_GB","og_type":"article","og_title":"Munk\u00e1csy Mih\u00e1ly: Zichy Zs\u00f3fia portr\u00e9ja - P\u00e9ter k\u00e9pkeret","og_description":"XVI. Lajos st\u00edlus\u00fa \"blondel\" keret | Vir\u00e1g Judit Gal\u00e9ria, 2024","og_url":"https:\/\/peterkepkeret.hu\/en\/referenciak\/munkacsy-mihaly-zichy-zsofia-portreja\/","og_site_name":"P\u00e9ter k\u00e9pkeret","og_image":[{"width":1022,"height":1079,"url":"https:\/\/peterkepkeret.hu\/wp-content\/uploads\/2025\/05\/munkacsy.png","type":"image\/png"}],"twitter_card":"summary_large_image","twitter_misc":{"Estimated reading time":"1 minute"},"schema":{"@context":"https:\/\/schema.org","@graph":[{"@type":"WebPage","@id":"https:\/\/peterkepkeret.hu\/referenciak\/munkacsy-mihaly-zichy-zsofia-portreja\/","url":"https:\/\/peterkepkeret.hu\/referenciak\/munkacsy-mihaly-zichy-zsofia-portreja\/","name":"Munk\u00e1csy Mih\u00e1ly: Zichy Zs\u00f3fia portr\u00e9ja - P\u00e9ter k\u00e9pkeret","isPartOf":{"@id":"https:\/\/peterkepkeret.hu\/#website"},"primaryImageOfPage":{"@id":"https:\/\/peterkepkeret.hu\/referenciak\/munkacsy-mihaly-zichy-zsofia-portreja\/#primaryimage"},"image":{"@id":"https:\/\/peterkepkeret.hu\/referenciak\/munkacsy-mihaly-zichy-zsofia-portreja\/#primaryimage"},"thumbnailUrl":"https:\/\/peterkepkeret.hu\/wp-content\/uploads\/2025\/05\/munkacsy.png","datePublished":"2025-05-13T15:00:56+00:00","breadcrumb":{"@id":"https:\/\/peterkepkeret.hu\/referenciak\/munkacsy-mihaly-zichy-zsofia-portreja\/#breadcrumb"},"inLanguage":"en-GB","potentialAction":[{"@type":"ReadAction","target":["https:\/\/peterkepkeret.hu\/referenciak\/munkacsy-mihaly-zichy-zsofia-portreja\/"]}]},{"@type":"ImageObject","inLanguage":"en-GB","@id":"https:\/\/peterkepkeret.hu\/referenciak\/munkacsy-mihaly-zichy-zsofia-portreja\/#primaryimage","url":"https:\/\/peterkepkeret.hu\/wp-content\/uploads\/2025\/05\/munkacsy.png","contentUrl":"https:\/\/peterkepkeret.hu\/wp-content\/uploads\/2025\/05\/munkacsy.png","width":1022,"height":1079},{"@type":"BreadcrumbList","@id":"https:\/\/peterkepkeret.hu\/referenciak\/munkacsy-mihaly-zichy-zsofia-portreja\/#breadcrumb","itemListElement":[{"@type":"ListItem","position":1,"name":"Kezd\u0151lap","item":"https:\/\/peterkepkeret.hu\/"},{"@type":"ListItem","position":2,"name":"Referenci\u00e1k","item":"https:\/\/peterkepkeret.hu\/referenciak\/"},{"@type":"ListItem","position":3,"name":"Munk\u00e1csy Mih\u00e1ly: Zichy Zs\u00f3fia portr\u00e9ja"}]},{"@type":"WebSite","@id":"https:\/\/peterkepkeret.hu\/#website","url":"https:\/\/peterkepkeret.hu\/","name":"P\u00e9ter k\u00e9pkeret","description":"For us, it's a piece of art; \nfor you, it's a personal story","potentialAction":[{"@type":"SearchAction","target":{"@type":"EntryPoint","urlTemplate":"https:\/\/peterkepkeret.hu\/?s={search_term_string}"},"query-input":{"@type":"PropertyValueSpecification","valueRequired":true,"valueName":"search_term_string"}}],"inLanguage":"en-GB"}]}},"_links":{"self":[{"href":"https:\/\/peterkepkeret.hu\/en\/wp-json\/wp\/v2\/referenciak\/2198","targetHints":{"allow":["GET"]}}],"collection":[{"href":"https:\/\/peterkepkeret.hu\/en\/wp-json\/wp\/v2\/referenciak"}],"about":[{"href":"https:\/\/peterkepkeret.hu\/en\/wp-json\/wp\/v2\/types\/referenciak"}],"wp:featuredmedia":[{"embeddable":true,"href":"https:\/\/peterkepkeret.hu\/en\/wp-json\/wp\/v2\/media\/2199"}],"wp:attachment":[{"href":"https:\/\/peterkepkeret.hu\/en\/wp-json\/wp\/v2\/media?parent=2198"}],"curies":[{"name":"wp","href":"https:\/\/api.w.org\/{rel}","templated":true}]}}

Munkácsy Mihály: Zichy Zsófia portréja

<p><img fetchpriority="high" decoding="async" class="alignnone  wp-image-2199" src="https://peterkepkeret.hu/wp-content/uploads/2025/05/munkacsy-284x300.png" alt="" width="1069" height="1129" srcset="https://peterkepkeret.hu/wp-content/uploads/2025/05/munkacsy-284x300.png 284w, https://peterkepkeret.hu/wp-content/uploads/2025/05/munkacsy-970x1024.png 970w, https://peterkepkeret.hu/wp-content/uploads/2025/05/munkacsy-768x811.png 768w, https://peterkepkeret.hu/wp-content/uploads/2025/05/munkacsy-11x12.png 11w, https://peterkepkeret.hu/wp-content/uploads/2025/05/munkacsy.png 1022w" sizes="(max-width: 1069px) 100vw, 1069px" /></p>
<p>XVI. Lajos stílusú &#8222;blondel&#8221; keret | Virág Judit Galéria, 2024</p>

<p>XVI. Lajos stílusú &#8222;blondel&#8221; keret | Virág Judit Galéria, 2024</p>

<!-- This site is optimized with the Yoast SEO plugin v27.4 - https://yoast.com/product/yoast-seo-wordpress/ -->
<title>Munkácsy Mihály: Zichy Zsófia portréja - Péter képkeret</title>
<meta name="robots" content="index, follow, max-snippet:-1, max-image-preview:large, max-video-preview:-1" />
<link rel="canonical" href="https://peterkepkeret.hu/en/referenciak/munkacsy-mihaly-zichy-zsofia-portreja/" />
<meta property="og:locale" content="en_GB" />
<meta property="og:type" content="article" />
<meta property="og:title" content="Munkácsy Mihály: Zichy Zsófia portréja - Péter képkeret" />
<meta property="og:description" content="XVI. Lajos stílusú &quot;blondel&quot; keret | Virág Judit Galéria, 2024" />
<meta property="og:url" content="https://peterkepkeret.hu/en/referenciak/munkacsy-mihaly-zichy-zsofia-portreja/" />
<meta property="og:site_name" content="Péter képkeret" />
<meta property="og:image" content="https://peterkepkeret.hu/wp-content/uploads/2025/05/munkacsy.png" />
	<meta property="og:image:width" content="1022" />
	<meta property="og:image:height" content="1079" />
	<meta property="og:image:type" content="image/png" />
<meta name="twitter:card" content="summary_large_image" />
<meta name="twitter:label1" content="Estimated reading time" />
	<meta name="twitter:data1" content="1 minute" />
<script type="application/ld+json" class="yoast-schema-graph">{"@context":"https:\/\/schema.org","@graph":[{"@type":"WebPage","@id":"https:\/\/peterkepkeret.hu\/referenciak\/munkacsy-mihaly-zichy-zsofia-portreja\/","url":"https:\/\/peterkepkeret.hu\/referenciak\/munkacsy-mihaly-zichy-zsofia-portreja\/","name":"Munkácsy Mihály: Zichy Zsófia portréja - Péter képkeret","isPartOf":{"@id":"https:\/\/peterkepkeret.hu\/#website"},"primaryImageOfPage":{"@id":"https:\/\/peterkepkeret.hu\/referenciak\/munkacsy-mihaly-zichy-zsofia-portreja\/#primaryimage"},"image":{"@id":"https:\/\/peterkepkeret.hu\/referenciak\/munkacsy-mihaly-zichy-zsofia-portreja\/#primaryimage"},"thumbnailUrl":"https:\/\/peterkepkeret.hu\/wp-content\/uploads\/2025\/05\/munkacsy.png","datePublished":"2025-05-13T15:00:56+00:00","breadcrumb":{"@id":"https:\/\/peterkepkeret.hu\/referenciak\/munkacsy-mihaly-zichy-zsofia-portreja\/#breadcrumb"},"inLanguage":"en-GB","potentialAction":[{"@type":"ReadAction","target":["https:\/\/peterkepkeret.hu\/referenciak\/munkacsy-mihaly-zichy-zsofia-portreja\/"]}]},{"@type":"ImageObject","inLanguage":"en-GB","@id":"https:\/\/peterkepkeret.hu\/referenciak\/munkacsy-mihaly-zichy-zsofia-portreja\/#primaryimage","url":"https:\/\/peterkepkeret.hu\/wp-content\/uploads\/2025\/05\/munkacsy.png","contentUrl":"https:\/\/peterkepkeret.hu\/wp-content\/uploads\/2025\/05\/munkacsy.png","width":1022,"height":1079},{"@type":"BreadcrumbList","@id":"https:\/\/peterkepkeret.hu\/referenciak\/munkacsy-mihaly-zichy-zsofia-portreja\/#breadcrumb","itemListElement":[{"@type":"ListItem","position":1,"name":"Kezdőlap","item":"https:\/\/peterkepkeret.hu\/"},{"@type":"ListItem","position":2,"name":"Referenciák","item":"https:\/\/peterkepkeret.hu\/referenciak\/"},{"@type":"ListItem","position":3,"name":"Munkácsy Mihály: Zichy Zsófia portréja"}]},{"@type":"WebSite","@id":"https:\/\/peterkepkeret.hu\/#website","url":"https:\/\/peterkepkeret.hu\/","name":"Péter képkeret","description":"Nekünk műkincs, Önnek személyes történet!","potentialAction":[{"@type":"SearchAction","target":{"@type":"EntryPoint","urlTemplate":"https:\/\/peterkepkeret.hu\/?s={search_term_string}"},"query-input":{"@type":"PropertyValueSpecification","valueRequired":true,"valueName":"search_term_string"}}],"inLanguage":"en-GB"}]}</script>
<!-- / Yoast SEO plugin. -->

Munkácsy Mihály: Zichy Zsófia portréja - Péter képkeret

XVI. Lajos stílusú "blondel" keret | Virág Judit Galéria, 2024

Péter képkeret

Kezdőlap

Referenciák
