{"id":2373,"date":"2025-05-23T13:13:34","date_gmt":"2025-05-23T13:13:34","guid":{"rendered":"https:\/\/peterkepkeret.hu\/?post_type=referenciak&#038;p=2373"},"modified":"2025-05-23T13:48:48","modified_gmt":"2025-05-23T13:48:48","slug":"vaszary-janos-budapesti-latkep","status":"publish","type":"referenciak","link":"https:\/\/peterkepkeret.hu\/en\/referenciak\/vaszary-janos-budapesti-latkep\/","title":{"rendered":"Vaszary J\u00e1nos: Budapest scenery"},"content":{"rendered":"<p><img fetchpriority=\"high\" decoding=\"async\" class=\"alignnone  wp-image-2377\" src=\"https:\/\/peterkepkeret.hu\/wp-content\/uploads\/2025\/05\/vaszary_bav_2-300x248.png\" alt=\"\" width=\"1142\" height=\"944\" srcset=\"https:\/\/peterkepkeret.hu\/wp-content\/uploads\/2025\/05\/vaszary_bav_2-300x248.png 300w, https:\/\/peterkepkeret.hu\/wp-content\/uploads\/2025\/05\/vaszary_bav_2-1024x845.png 1024w, https:\/\/peterkepkeret.hu\/wp-content\/uploads\/2025\/05\/vaszary_bav_2-768x634.png 768w, https:\/\/peterkepkeret.hu\/wp-content\/uploads\/2025\/05\/vaszary_bav_2-1536x1268.png 1536w, https:\/\/peterkepkeret.hu\/wp-content\/uploads\/2025\/05\/vaszary_bav_2-15x12.png 15w, https:\/\/peterkepkeret.hu\/wp-content\/uploads\/2025\/05\/vaszary_bav_2.png 1920w\" sizes=\"(max-width: 1142px) 100vw, 1142px\" \/><\/p>\n<p>Impressionist Louis XIV style | B\u00c1V ART, 2025<\/p>","protected":false},"excerpt":{"rendered":"<p>Impressionist Louis XIV style | B\u00c1V ART, 2025<\/p>","protected":false},"featured_media":2377,"template":"","class_list":["post-2373","referenciak","type-referenciak","status-publish","has-post-thumbnail","hentry"],"yoast_head":"<!-- This site is optimized with the Yoast SEO plugin v27.4 - https:\/\/yoast.com\/product\/yoast-seo-wordpress\/ -->\n<title>Vaszary J\u00e1nos: Budapesti l\u00e1tk\u00e9p - P\u00e9ter k\u00e9pkeret<\/title>\n<meta name=\"robots\" content=\"index, follow, max-snippet:-1, max-image-preview:large, max-video-preview:-1\" \/>\n<link rel=\"canonical\" href=\"https:\/\/peterkepkeret.hu\/en\/referenciak\/vaszary-janos-budapesti-latkep\/\" \/>\n<meta property=\"og:locale\" content=\"en_GB\" \/>\n<meta property=\"og:type\" content=\"article\" \/>\n<meta property=\"og:title\" content=\"Vaszary J\u00e1nos: Budapesti l\u00e1tk\u00e9p - P\u00e9ter k\u00e9pkeret\" \/>\n<meta property=\"og:description\" content=\"Impresszionista br\u00fcsszeli keret | B\u00c1V ART, 2025\" \/>\n<meta property=\"og:url\" content=\"https:\/\/peterkepkeret.hu\/en\/referenciak\/vaszary-janos-budapesti-latkep\/\" \/>\n<meta property=\"og:site_name\" content=\"P\u00e9ter k\u00e9pkeret\" \/>\n<meta property=\"article:modified_time\" content=\"2025-05-23T13:48:48+00:00\" \/>\n<meta property=\"og:image\" content=\"https:\/\/peterkepkeret.hu\/wp-content\/uploads\/2025\/05\/vaszary_bav_2-1024x845.png\" \/>\n\t<meta property=\"og:image:width\" content=\"1024\" \/>\n\t<meta property=\"og:image:height\" content=\"845\" \/>\n\t<meta property=\"og:image:type\" content=\"image\/png\" \/>\n<meta name=\"twitter:card\" content=\"summary_large_image\" \/>\n<meta name=\"twitter:label1\" content=\"Estimated reading time\" \/>\n\t<meta name=\"twitter:data1\" content=\"1 minute\" \/>\n<script type=\"application\/ld+json\" class=\"yoast-schema-graph\">{\"@context\":\"https:\\\/\\\/schema.org\",\"@graph\":[{\"@type\":\"WebPage\",\"@id\":\"https:\\\/\\\/peterkepkeret.hu\\\/referenciak\\\/vaszary-janos-budapesti-latkep\\\/\",\"url\":\"https:\\\/\\\/peterkepkeret.hu\\\/referenciak\\\/vaszary-janos-budapesti-latkep\\\/\",\"name\":\"Vaszary J\u00e1nos: Budapesti l\u00e1tk\u00e9p - P\u00e9ter k\u00e9pkeret\",\"isPartOf\":{\"@id\":\"https:\\\/\\\/peterkepkeret.hu\\\/#website\"},\"primaryImageOfPage\":{\"@id\":\"https:\\\/\\\/peterkepkeret.hu\\\/referenciak\\\/vaszary-janos-budapesti-latkep\\\/#primaryimage\"},\"image\":{\"@id\":\"https:\\\/\\\/peterkepkeret.hu\\\/referenciak\\\/vaszary-janos-budapesti-latkep\\\/#primaryimage\"},\"thumbnailUrl\":\"https:\\\/\\\/peterkepkeret.hu\\\/wp-content\\\/uploads\\\/2025\\\/05\\\/vaszary_bav_2.png\",\"datePublished\":\"2025-05-23T13:13:34+00:00\",\"dateModified\":\"2025-05-23T13:48:48+00:00\",\"breadcrumb\":{\"@id\":\"https:\\\/\\\/peterkepkeret.hu\\\/referenciak\\\/vaszary-janos-budapesti-latkep\\\/#breadcrumb\"},\"inLanguage\":\"en-GB\",\"potentialAction\":[{\"@type\":\"ReadAction\",\"target\":[\"https:\\\/\\\/peterkepkeret.hu\\\/referenciak\\\/vaszary-janos-budapesti-latkep\\\/\"]}]},{\"@type\":\"ImageObject\",\"inLanguage\":\"en-GB\",\"@id\":\"https:\\\/\\\/peterkepkeret.hu\\\/referenciak\\\/vaszary-janos-budapesti-latkep\\\/#primaryimage\",\"url\":\"https:\\\/\\\/peterkepkeret.hu\\\/wp-content\\\/uploads\\\/2025\\\/05\\\/vaszary_bav_2.png\",\"contentUrl\":\"https:\\\/\\\/peterkepkeret.hu\\\/wp-content\\\/uploads\\\/2025\\\/05\\\/vaszary_bav_2.png\",\"width\":1920,\"height\":1585},{\"@type\":\"BreadcrumbList\",\"@id\":\"https:\\\/\\\/peterkepkeret.hu\\\/referenciak\\\/vaszary-janos-budapesti-latkep\\\/#breadcrumb\",\"itemListElement\":[{\"@type\":\"ListItem\",\"position\":1,\"name\":\"Kezd\u0151lap\",\"item\":\"https:\\\/\\\/peterkepkeret.hu\\\/\"},{\"@type\":\"ListItem\",\"position\":2,\"name\":\"Referenci\u00e1k\",\"item\":\"https:\\\/\\\/peterkepkeret.hu\\\/referenciak\\\/\"},{\"@type\":\"ListItem\",\"position\":3,\"name\":\"Vaszary J\u00e1nos: Budapesti l\u00e1tk\u00e9p\"}]},{\"@type\":\"WebSite\",\"@id\":\"https:\\\/\\\/peterkepkeret.hu\\\/#website\",\"url\":\"https:\\\/\\\/peterkepkeret.hu\\\/\",\"name\":\"P\u00e9ter k\u00e9pkeret\",\"description\":\"Nek\u00fcnk m\u0171kincs, \u00d6nnek szem\u00e9lyes t\u00f6rt\u00e9net!\",\"potentialAction\":[{\"@type\":\"SearchAction\",\"target\":{\"@type\":\"EntryPoint\",\"urlTemplate\":\"https:\\\/\\\/peterkepkeret.hu\\\/?s={search_term_string}\"},\"query-input\":{\"@type\":\"PropertyValueSpecification\",\"valueRequired\":true,\"valueName\":\"search_term_string\"}}],\"inLanguage\":\"en-GB\"}]}<\/script>\n<!-- \/ Yoast SEO plugin. -->","yoast_head_json":{"title":"Vaszary J\u00e1nos: Budapesti l\u00e1tk\u00e9p - P\u00e9ter k\u00e9pkeret","robots":{"index":"index","follow":"follow","max-snippet":"max-snippet:-1","max-image-preview":"max-image-preview:large","max-video-preview":"max-video-preview:-1"},"canonical":"https:\/\/peterkepkeret.hu\/en\/referenciak\/vaszary-janos-budapesti-latkep\/","og_locale":"en_GB","og_type":"article","og_title":"Vaszary J\u00e1nos: Budapesti l\u00e1tk\u00e9p - P\u00e9ter k\u00e9pkeret","og_description":"Impresszionista br\u00fcsszeli keret | B\u00c1V ART, 2025","og_url":"https:\/\/peterkepkeret.hu\/en\/referenciak\/vaszary-janos-budapesti-latkep\/","og_site_name":"P\u00e9ter k\u00e9pkeret","article_modified_time":"2025-05-23T13:48:48+00:00","og_image":[{"width":1024,"height":845,"url":"https:\/\/peterkepkeret.hu\/wp-content\/uploads\/2025\/05\/vaszary_bav_2-1024x845.png","type":"image\/png"}],"twitter_card":"summary_large_image","twitter_misc":{"Estimated reading time":"1 minute"},"schema":{"@context":"https:\/\/schema.org","@graph":[{"@type":"WebPage","@id":"https:\/\/peterkepkeret.hu\/referenciak\/vaszary-janos-budapesti-latkep\/","url":"https:\/\/peterkepkeret.hu\/referenciak\/vaszary-janos-budapesti-latkep\/","name":"Vaszary J\u00e1nos: Budapesti l\u00e1tk\u00e9p - P\u00e9ter k\u00e9pkeret","isPartOf":{"@id":"https:\/\/peterkepkeret.hu\/#website"},"primaryImageOfPage":{"@id":"https:\/\/peterkepkeret.hu\/referenciak\/vaszary-janos-budapesti-latkep\/#primaryimage"},"image":{"@id":"https:\/\/peterkepkeret.hu\/referenciak\/vaszary-janos-budapesti-latkep\/#primaryimage"},"thumbnailUrl":"https:\/\/peterkepkeret.hu\/wp-content\/uploads\/2025\/05\/vaszary_bav_2.png","datePublished":"2025-05-23T13:13:34+00:00","dateModified":"2025-05-23T13:48:48+00:00","breadcrumb":{"@id":"https:\/\/peterkepkeret.hu\/referenciak\/vaszary-janos-budapesti-latkep\/#breadcrumb"},"inLanguage":"en-GB","potentialAction":[{"@type":"ReadAction","target":["https:\/\/peterkepkeret.hu\/referenciak\/vaszary-janos-budapesti-latkep\/"]}]},{"@type":"ImageObject","inLanguage":"en-GB","@id":"https:\/\/peterkepkeret.hu\/referenciak\/vaszary-janos-budapesti-latkep\/#primaryimage","url":"https:\/\/peterkepkeret.hu\/wp-content\/uploads\/2025\/05\/vaszary_bav_2.png","contentUrl":"https:\/\/peterkepkeret.hu\/wp-content\/uploads\/2025\/05\/vaszary_bav_2.png","width":1920,"height":1585},{"@type":"BreadcrumbList","@id":"https:\/\/peterkepkeret.hu\/referenciak\/vaszary-janos-budapesti-latkep\/#breadcrumb","itemListElement":[{"@type":"ListItem","position":1,"name":"Kezd\u0151lap","item":"https:\/\/peterkepkeret.hu\/"},{"@type":"ListItem","position":2,"name":"Referenci\u00e1k","item":"https:\/\/peterkepkeret.hu\/referenciak\/"},{"@type":"ListItem","position":3,"name":"Vaszary J\u00e1nos: Budapesti l\u00e1tk\u00e9p"}]},{"@type":"WebSite","@id":"https:\/\/peterkepkeret.hu\/#website","url":"https:\/\/peterkepkeret.hu\/","name":"P\u00e9ter k\u00e9pkeret","description":"For us, it's a piece of art; \nfor you, it's a personal story","potentialAction":[{"@type":"SearchAction","target":{"@type":"EntryPoint","urlTemplate":"https:\/\/peterkepkeret.hu\/?s={search_term_string}"},"query-input":{"@type":"PropertyValueSpecification","valueRequired":true,"valueName":"search_term_string"}}],"inLanguage":"en-GB"}]}},"_links":{"self":[{"href":"https:\/\/peterkepkeret.hu\/en\/wp-json\/wp\/v2\/referenciak\/2373","targetHints":{"allow":["GET"]}}],"collection":[{"href":"https:\/\/peterkepkeret.hu\/en\/wp-json\/wp\/v2\/referenciak"}],"about":[{"href":"https:\/\/peterkepkeret.hu\/en\/wp-json\/wp\/v2\/types\/referenciak"}],"wp:featuredmedia":[{"embeddable":true,"href":"https:\/\/peterkepkeret.hu\/en\/wp-json\/wp\/v2\/media\/2377"}],"wp:attachment":[{"href":"https:\/\/peterkepkeret.hu\/en\/wp-json\/wp\/v2\/media?parent=2373"}],"curies":[{"name":"wp","href":"https:\/\/api.w.org\/{rel}","templated":true}]}}

Vaszary János: Budapest scenery

<p><img fetchpriority="high" decoding="async" class="alignnone  wp-image-2377" src="https://peterkepkeret.hu/wp-content/uploads/2025/05/vaszary_bav_2-300x248.png" alt="" width="1142" height="944" srcset="https://peterkepkeret.hu/wp-content/uploads/2025/05/vaszary_bav_2-300x248.png 300w, https://peterkepkeret.hu/wp-content/uploads/2025/05/vaszary_bav_2-1024x845.png 1024w, https://peterkepkeret.hu/wp-content/uploads/2025/05/vaszary_bav_2-768x634.png 768w, https://peterkepkeret.hu/wp-content/uploads/2025/05/vaszary_bav_2-1536x1268.png 1536w, https://peterkepkeret.hu/wp-content/uploads/2025/05/vaszary_bav_2-15x12.png 15w, https://peterkepkeret.hu/wp-content/uploads/2025/05/vaszary_bav_2.png 1920w" sizes="(max-width: 1142px) 100vw, 1142px" /></p>
<p>Impressionist Louis XIV style | BÁV ART, 2025</p>

<p>Impressionist Louis XIV style | BÁV ART, 2025</p>

<!-- This site is optimized with the Yoast SEO plugin v27.4 - https://yoast.com/product/yoast-seo-wordpress/ -->
<title>Vaszary János: Budapesti látkép - Péter képkeret</title>
<meta name="robots" content="index, follow, max-snippet:-1, max-image-preview:large, max-video-preview:-1" />
<link rel="canonical" href="https://peterkepkeret.hu/en/referenciak/vaszary-janos-budapesti-latkep/" />
<meta property="og:locale" content="en_GB" />
<meta property="og:type" content="article" />
<meta property="og:title" content="Vaszary János: Budapesti látkép - Péter képkeret" />
<meta property="og:description" content="Impresszionista brüsszeli keret | BÁV ART, 2025" />
<meta property="og:url" content="https://peterkepkeret.hu/en/referenciak/vaszary-janos-budapesti-latkep/" />
<meta property="og:site_name" content="Péter képkeret" />
<meta property="article:modified_time" content="2025-05-23T13:48:48+00:00" />
<meta property="og:image" content="https://peterkepkeret.hu/wp-content/uploads/2025/05/vaszary_bav_2-1024x845.png" />
	<meta property="og:image:width" content="1024" />
	<meta property="og:image:height" content="845" />
	<meta property="og:image:type" content="image/png" />
<meta name="twitter:card" content="summary_large_image" />
<meta name="twitter:label1" content="Estimated reading time" />
	<meta name="twitter:data1" content="1 minute" />
<script type="application/ld+json" class="yoast-schema-graph">{"@context":"https:\/\/schema.org","@graph":[{"@type":"WebPage","@id":"https:\/\/peterkepkeret.hu\/referenciak\/vaszary-janos-budapesti-latkep\/","url":"https:\/\/peterkepkeret.hu\/referenciak\/vaszary-janos-budapesti-latkep\/","name":"Vaszary János: Budapesti látkép - Péter képkeret","isPartOf":{"@id":"https:\/\/peterkepkeret.hu\/#website"},"primaryImageOfPage":{"@id":"https:\/\/peterkepkeret.hu\/referenciak\/vaszary-janos-budapesti-latkep\/#primaryimage"},"image":{"@id":"https:\/\/peterkepkeret.hu\/referenciak\/vaszary-janos-budapesti-latkep\/#primaryimage"},"thumbnailUrl":"https:\/\/peterkepkeret.hu\/wp-content\/uploads\/2025\/05\/vaszary_bav_2.png","datePublished":"2025-05-23T13:13:34+00:00","dateModified":"2025-05-23T13:48:48+00:00","breadcrumb":{"@id":"https:\/\/peterkepkeret.hu\/referenciak\/vaszary-janos-budapesti-latkep\/#breadcrumb"},"inLanguage":"en-GB","potentialAction":[{"@type":"ReadAction","target":["https:\/\/peterkepkeret.hu\/referenciak\/vaszary-janos-budapesti-latkep\/"]}]},{"@type":"ImageObject","inLanguage":"en-GB","@id":"https:\/\/peterkepkeret.hu\/referenciak\/vaszary-janos-budapesti-latkep\/#primaryimage","url":"https:\/\/peterkepkeret.hu\/wp-content\/uploads\/2025\/05\/vaszary_bav_2.png","contentUrl":"https:\/\/peterkepkeret.hu\/wp-content\/uploads\/2025\/05\/vaszary_bav_2.png","width":1920,"height":1585},{"@type":"BreadcrumbList","@id":"https:\/\/peterkepkeret.hu\/referenciak\/vaszary-janos-budapesti-latkep\/#breadcrumb","itemListElement":[{"@type":"ListItem","position":1,"name":"Kezdőlap","item":"https:\/\/peterkepkeret.hu\/"},{"@type":"ListItem","position":2,"name":"Referenciák","item":"https:\/\/peterkepkeret.hu\/referenciak\/"},{"@type":"ListItem","position":3,"name":"Vaszary János: Budapesti látkép"}]},{"@type":"WebSite","@id":"https:\/\/peterkepkeret.hu\/#website","url":"https:\/\/peterkepkeret.hu\/","name":"Péter képkeret","description":"Nekünk műkincs, Önnek személyes történet!","potentialAction":[{"@type":"SearchAction","target":{"@type":"EntryPoint","urlTemplate":"https:\/\/peterkepkeret.hu\/?s={search_term_string}"},"query-input":{"@type":"PropertyValueSpecification","valueRequired":true,"valueName":"search_term_string"}}],"inLanguage":"en-GB"}]}</script>
<!-- / Yoast SEO plugin. -->

Vaszary János: Budapesti látkép - Péter képkeret

Impresszionista brüsszeli keret | BÁV ART, 2025

Péter képkeret

Kezdőlap

Referenciák

Vaszary János: Budapesti látkép
