{"id":5847,"date":"2025-10-10T15:44:34","date_gmt":"2025-10-10T15:44:34","guid":{"rendered":"https:\/\/peterkepkeret.hu\/?post_type=referenciak&#038;p=5847"},"modified":"2025-10-21T04:57:38","modified_gmt":"2025-10-21T04:57:38","slug":"vaszary-janos-olasz-riviera","status":"publish","type":"referenciak","link":"https:\/\/peterkepkeret.hu\/en\/referenciak\/vaszary-janos-olasz-riviera\/","title":{"rendered":"Vaszary J\u00e1nos - Italian Beach"},"content":{"rendered":"<p><img fetchpriority=\"high\" decoding=\"async\" class=\"alignnone wp-image-5848\" src=\"https:\/\/peterkepkeret.hu\/wp-content\/uploads\/2025\/10\/vaszary_strand-300x270.jpg\" alt=\"\" width=\"1048\" height=\"943\" srcset=\"https:\/\/peterkepkeret.hu\/wp-content\/uploads\/2025\/10\/vaszary_strand-300x270.jpg 300w, https:\/\/peterkepkeret.hu\/wp-content\/uploads\/2025\/10\/vaszary_strand-1024x920.jpg 1024w, https:\/\/peterkepkeret.hu\/wp-content\/uploads\/2025\/10\/vaszary_strand-768x690.jpg 768w, https:\/\/peterkepkeret.hu\/wp-content\/uploads\/2025\/10\/vaszary_strand-1536x1380.jpg 1536w, https:\/\/peterkepkeret.hu\/wp-content\/uploads\/2025\/10\/vaszary_strand.jpg 2048w, https:\/\/peterkepkeret.hu\/wp-content\/uploads\/2025\/10\/vaszary_strand-13x12.jpg 13w\" sizes=\"(max-width: 1048px) 100vw, 1048px\" \/><\/p>\n<p>White gold frame | Kieselbach Gallery, 2025<\/p>","protected":false},"excerpt":{"rendered":"<p>White gold frame | Kieselbach Gallery, 2025<\/p>","protected":false},"featured_media":5848,"template":"","class_list":["post-5847","referenciak","type-referenciak","status-publish","has-post-thumbnail","hentry"],"yoast_head":"<!-- This site is optimized with the Yoast SEO plugin v27.4 - https:\/\/yoast.com\/product\/yoast-seo-wordpress\/ -->\n<title>Vaszary J\u00e1nos: Olasz Rivi\u00e9ra - P\u00e9ter k\u00e9pkeret<\/title>\n<meta name=\"robots\" content=\"index, follow, max-snippet:-1, max-image-preview:large, max-video-preview:-1\" \/>\n<link rel=\"canonical\" href=\"https:\/\/peterkepkeret.hu\/en\/referenciak\/vaszary-janos-olasz-riviera\/\" \/>\n<meta property=\"og:locale\" content=\"en_GB\" \/>\n<meta property=\"og:type\" content=\"article\" \/>\n<meta property=\"og:title\" content=\"Vaszary J\u00e1nos: Olasz Rivi\u00e9ra - P\u00e9ter k\u00e9pkeret\" \/>\n<meta property=\"og:description\" content=\"L\u00e9pcs\u0151s feh\u00e9rarany keret | Kieselbach Gal\u00e9ria, 2025\" \/>\n<meta property=\"og:url\" content=\"https:\/\/peterkepkeret.hu\/en\/referenciak\/vaszary-janos-olasz-riviera\/\" \/>\n<meta property=\"og:site_name\" content=\"P\u00e9ter k\u00e9pkeret\" \/>\n<meta property=\"article:modified_time\" content=\"2025-10-21T04:57:38+00:00\" \/>\n<meta property=\"og:image\" content=\"https:\/\/peterkepkeret.hu\/wp-content\/uploads\/2025\/10\/vaszary_strand.jpg\" \/>\n\t<meta property=\"og:image:width\" content=\"2206\" \/>\n\t<meta property=\"og:image:height\" content=\"1982\" \/>\n\t<meta property=\"og:image:type\" content=\"image\/jpeg\" \/>\n<meta name=\"twitter:card\" content=\"summary_large_image\" \/>\n<meta name=\"twitter:label1\" content=\"Estimated reading time\" \/>\n\t<meta name=\"twitter:data1\" content=\"1 minute\" \/>\n<script type=\"application\/ld+json\" class=\"yoast-schema-graph\">{\"@context\":\"https:\\\/\\\/schema.org\",\"@graph\":[{\"@type\":\"WebPage\",\"@id\":\"https:\\\/\\\/peterkepkeret.hu\\\/referenciak\\\/vaszary-janos-olasz-riviera\\\/\",\"url\":\"https:\\\/\\\/peterkepkeret.hu\\\/referenciak\\\/vaszary-janos-olasz-riviera\\\/\",\"name\":\"Vaszary J\u00e1nos: Olasz Rivi\u00e9ra - P\u00e9ter k\u00e9pkeret\",\"isPartOf\":{\"@id\":\"https:\\\/\\\/peterkepkeret.hu\\\/#website\"},\"primaryImageOfPage\":{\"@id\":\"https:\\\/\\\/peterkepkeret.hu\\\/referenciak\\\/vaszary-janos-olasz-riviera\\\/#primaryimage\"},\"image\":{\"@id\":\"https:\\\/\\\/peterkepkeret.hu\\\/referenciak\\\/vaszary-janos-olasz-riviera\\\/#primaryimage\"},\"thumbnailUrl\":\"https:\\\/\\\/peterkepkeret.hu\\\/wp-content\\\/uploads\\\/2025\\\/10\\\/vaszary_strand.jpg\",\"datePublished\":\"2025-10-10T15:44:34+00:00\",\"dateModified\":\"2025-10-21T04:57:38+00:00\",\"breadcrumb\":{\"@id\":\"https:\\\/\\\/peterkepkeret.hu\\\/referenciak\\\/vaszary-janos-olasz-riviera\\\/#breadcrumb\"},\"inLanguage\":\"en-GB\",\"potentialAction\":[{\"@type\":\"ReadAction\",\"target\":[\"https:\\\/\\\/peterkepkeret.hu\\\/referenciak\\\/vaszary-janos-olasz-riviera\\\/\"]}]},{\"@type\":\"ImageObject\",\"inLanguage\":\"en-GB\",\"@id\":\"https:\\\/\\\/peterkepkeret.hu\\\/referenciak\\\/vaszary-janos-olasz-riviera\\\/#primaryimage\",\"url\":\"https:\\\/\\\/peterkepkeret.hu\\\/wp-content\\\/uploads\\\/2025\\\/10\\\/vaszary_strand.jpg\",\"contentUrl\":\"https:\\\/\\\/peterkepkeret.hu\\\/wp-content\\\/uploads\\\/2025\\\/10\\\/vaszary_strand.jpg\",\"width\":2048,\"height\":1840},{\"@type\":\"BreadcrumbList\",\"@id\":\"https:\\\/\\\/peterkepkeret.hu\\\/referenciak\\\/vaszary-janos-olasz-riviera\\\/#breadcrumb\",\"itemListElement\":[{\"@type\":\"ListItem\",\"position\":1,\"name\":\"Kezd\u0151lap\",\"item\":\"https:\\\/\\\/peterkepkeret.hu\\\/\"},{\"@type\":\"ListItem\",\"position\":2,\"name\":\"Referenci\u00e1k\",\"item\":\"https:\\\/\\\/peterkepkeret.hu\\\/referenciak\\\/\"},{\"@type\":\"ListItem\",\"position\":3,\"name\":\"Vaszary J\u00e1nos: Olasz Rivi\u00e9ra\"}]},{\"@type\":\"WebSite\",\"@id\":\"https:\\\/\\\/peterkepkeret.hu\\\/#website\",\"url\":\"https:\\\/\\\/peterkepkeret.hu\\\/\",\"name\":\"P\u00e9ter k\u00e9pkeret\",\"description\":\"Nek\u00fcnk m\u0171kincs, \u00d6nnek szem\u00e9lyes t\u00f6rt\u00e9net!\",\"potentialAction\":[{\"@type\":\"SearchAction\",\"target\":{\"@type\":\"EntryPoint\",\"urlTemplate\":\"https:\\\/\\\/peterkepkeret.hu\\\/?s={search_term_string}\"},\"query-input\":{\"@type\":\"PropertyValueSpecification\",\"valueRequired\":true,\"valueName\":\"search_term_string\"}}],\"inLanguage\":\"en-GB\"}]}<\/script>\n<!-- \/ Yoast SEO plugin. -->","yoast_head_json":{"title":"Vaszary J\u00e1nos: Olasz Rivi\u00e9ra - P\u00e9ter k\u00e9pkeret","robots":{"index":"index","follow":"follow","max-snippet":"max-snippet:-1","max-image-preview":"max-image-preview:large","max-video-preview":"max-video-preview:-1"},"canonical":"https:\/\/peterkepkeret.hu\/en\/referenciak\/vaszary-janos-olasz-riviera\/","og_locale":"en_GB","og_type":"article","og_title":"Vaszary J\u00e1nos: Olasz Rivi\u00e9ra - P\u00e9ter k\u00e9pkeret","og_description":"L\u00e9pcs\u0151s feh\u00e9rarany keret | Kieselbach Gal\u00e9ria, 2025","og_url":"https:\/\/peterkepkeret.hu\/en\/referenciak\/vaszary-janos-olasz-riviera\/","og_site_name":"P\u00e9ter k\u00e9pkeret","article_modified_time":"2025-10-21T04:57:38+00:00","og_image":[{"width":2206,"height":1982,"url":"https:\/\/peterkepkeret.hu\/wp-content\/uploads\/2025\/10\/vaszary_strand.jpg","type":"image\/jpeg"}],"twitter_card":"summary_large_image","twitter_misc":{"Estimated reading time":"1 minute"},"schema":{"@context":"https:\/\/schema.org","@graph":[{"@type":"WebPage","@id":"https:\/\/peterkepkeret.hu\/referenciak\/vaszary-janos-olasz-riviera\/","url":"https:\/\/peterkepkeret.hu\/referenciak\/vaszary-janos-olasz-riviera\/","name":"Vaszary J\u00e1nos: Olasz Rivi\u00e9ra - P\u00e9ter k\u00e9pkeret","isPartOf":{"@id":"https:\/\/peterkepkeret.hu\/#website"},"primaryImageOfPage":{"@id":"https:\/\/peterkepkeret.hu\/referenciak\/vaszary-janos-olasz-riviera\/#primaryimage"},"image":{"@id":"https:\/\/peterkepkeret.hu\/referenciak\/vaszary-janos-olasz-riviera\/#primaryimage"},"thumbnailUrl":"https:\/\/peterkepkeret.hu\/wp-content\/uploads\/2025\/10\/vaszary_strand.jpg","datePublished":"2025-10-10T15:44:34+00:00","dateModified":"2025-10-21T04:57:38+00:00","breadcrumb":{"@id":"https:\/\/peterkepkeret.hu\/referenciak\/vaszary-janos-olasz-riviera\/#breadcrumb"},"inLanguage":"en-GB","potentialAction":[{"@type":"ReadAction","target":["https:\/\/peterkepkeret.hu\/referenciak\/vaszary-janos-olasz-riviera\/"]}]},{"@type":"ImageObject","inLanguage":"en-GB","@id":"https:\/\/peterkepkeret.hu\/referenciak\/vaszary-janos-olasz-riviera\/#primaryimage","url":"https:\/\/peterkepkeret.hu\/wp-content\/uploads\/2025\/10\/vaszary_strand.jpg","contentUrl":"https:\/\/peterkepkeret.hu\/wp-content\/uploads\/2025\/10\/vaszary_strand.jpg","width":2048,"height":1840},{"@type":"BreadcrumbList","@id":"https:\/\/peterkepkeret.hu\/referenciak\/vaszary-janos-olasz-riviera\/#breadcrumb","itemListElement":[{"@type":"ListItem","position":1,"name":"Kezd\u0151lap","item":"https:\/\/peterkepkeret.hu\/"},{"@type":"ListItem","position":2,"name":"Referenci\u00e1k","item":"https:\/\/peterkepkeret.hu\/referenciak\/"},{"@type":"ListItem","position":3,"name":"Vaszary J\u00e1nos: Olasz Rivi\u00e9ra"}]},{"@type":"WebSite","@id":"https:\/\/peterkepkeret.hu\/#website","url":"https:\/\/peterkepkeret.hu\/","name":"P\u00e9ter k\u00e9pkeret","description":"For us, it's a piece of art; \nfor you, it's a personal story","potentialAction":[{"@type":"SearchAction","target":{"@type":"EntryPoint","urlTemplate":"https:\/\/peterkepkeret.hu\/?s={search_term_string}"},"query-input":{"@type":"PropertyValueSpecification","valueRequired":true,"valueName":"search_term_string"}}],"inLanguage":"en-GB"}]}},"_links":{"self":[{"href":"https:\/\/peterkepkeret.hu\/en\/wp-json\/wp\/v2\/referenciak\/5847","targetHints":{"allow":["GET"]}}],"collection":[{"href":"https:\/\/peterkepkeret.hu\/en\/wp-json\/wp\/v2\/referenciak"}],"about":[{"href":"https:\/\/peterkepkeret.hu\/en\/wp-json\/wp\/v2\/types\/referenciak"}],"wp:featuredmedia":[{"embeddable":true,"href":"https:\/\/peterkepkeret.hu\/en\/wp-json\/wp\/v2\/media\/5848"}],"wp:attachment":[{"href":"https:\/\/peterkepkeret.hu\/en\/wp-json\/wp\/v2\/media?parent=5847"}],"curies":[{"name":"wp","href":"https:\/\/api.w.org\/{rel}","templated":true}]}}

Vaszary János - Italian Beach

<!-- This site is optimized with the Yoast SEO plugin v27.4 - https://yoast.com/product/yoast-seo-wordpress/ -->
<title>Vaszary János: Olasz Riviéra - Péter képkeret</title>
<meta name="robots" content="index, follow, max-snippet:-1, max-image-preview:large, max-video-preview:-1" />
<link rel="canonical" href="https://peterkepkeret.hu/en/referenciak/vaszary-janos-olasz-riviera/" />
<meta property="og:locale" content="en_GB" />
<meta property="og:type" content="article" />
<meta property="og:title" content="Vaszary János: Olasz Riviéra - Péter képkeret" />
<meta property="og:description" content="Lépcsős fehérarany keret | Kieselbach Galéria, 2025" />
<meta property="og:url" content="https://peterkepkeret.hu/en/referenciak/vaszary-janos-olasz-riviera/" />
<meta property="og:site_name" content="Péter képkeret" />
<meta property="article:modified_time" content="2025-10-21T04:57:38+00:00" />
<meta property="og:image" content="https://peterkepkeret.hu/wp-content/uploads/2025/10/vaszary_strand.jpg" />
	<meta property="og:image:width" content="2206" />
	<meta property="og:image:height" content="1982" />
	<meta property="og:image:type" content="image/jpeg" />
<meta name="twitter:card" content="summary_large_image" />
<meta name="twitter:label1" content="Estimated reading time" />
	<meta name="twitter:data1" content="1 minute" />
<script type="application/ld+json" class="yoast-schema-graph">{"@context":"https:\/\/schema.org","@graph":[{"@type":"WebPage","@id":"https:\/\/peterkepkeret.hu\/referenciak\/vaszary-janos-olasz-riviera\/","url":"https:\/\/peterkepkeret.hu\/referenciak\/vaszary-janos-olasz-riviera\/","name":"Vaszary János: Olasz Riviéra - Péter képkeret","isPartOf":{"@id":"https:\/\/peterkepkeret.hu\/#website"},"primaryImageOfPage":{"@id":"https:\/\/peterkepkeret.hu\/referenciak\/vaszary-janos-olasz-riviera\/#primaryimage"},"image":{"@id":"https:\/\/peterkepkeret.hu\/referenciak\/vaszary-janos-olasz-riviera\/#primaryimage"},"thumbnailUrl":"https:\/\/peterkepkeret.hu\/wp-content\/uploads\/2025\/10\/vaszary_strand.jpg","datePublished":"2025-10-10T15:44:34+00:00","dateModified":"2025-10-21T04:57:38+00:00","breadcrumb":{"@id":"https:\/\/peterkepkeret.hu\/referenciak\/vaszary-janos-olasz-riviera\/#breadcrumb"},"inLanguage":"en-GB","potentialAction":[{"@type":"ReadAction","target":["https:\/\/peterkepkeret.hu\/referenciak\/vaszary-janos-olasz-riviera\/"]}]},{"@type":"ImageObject","inLanguage":"en-GB","@id":"https:\/\/peterkepkeret.hu\/referenciak\/vaszary-janos-olasz-riviera\/#primaryimage","url":"https:\/\/peterkepkeret.hu\/wp-content\/uploads\/2025\/10\/vaszary_strand.jpg","contentUrl":"https:\/\/peterkepkeret.hu\/wp-content\/uploads\/2025\/10\/vaszary_strand.jpg","width":2048,"height":1840},{"@type":"BreadcrumbList","@id":"https:\/\/peterkepkeret.hu\/referenciak\/vaszary-janos-olasz-riviera\/#breadcrumb","itemListElement":[{"@type":"ListItem","position":1,"name":"Kezdőlap","item":"https:\/\/peterkepkeret.hu\/"},{"@type":"ListItem","position":2,"name":"Referenciák","item":"https:\/\/peterkepkeret.hu\/referenciak\/"},{"@type":"ListItem","position":3,"name":"Vaszary János: Olasz Riviéra"}]},{"@type":"WebSite","@id":"https:\/\/peterkepkeret.hu\/#website","url":"https:\/\/peterkepkeret.hu\/","name":"Péter képkeret","description":"Nekünk műkincs, Önnek személyes történet!","potentialAction":[{"@type":"SearchAction","target":{"@type":"EntryPoint","urlTemplate":"https:\/\/peterkepkeret.hu\/?s={search_term_string}"},"query-input":{"@type":"PropertyValueSpecification","valueRequired":true,"valueName":"search_term_string"}}],"inLanguage":"en-GB"}]}</script>
<!-- / Yoast SEO plugin. -->

Vaszary János: Olasz Riviéra - Péter képkeret

Lépcsős fehérarany keret | Kieselbach Galéria, 2025

Péter képkeret

Kezdőlap

Referenciák

Vaszary János: Olasz Riviéra
