{"id":5951,"date":"2025-12-15T15:17:48","date_gmt":"2025-12-15T15:17:48","guid":{"rendered":"https:\/\/peterkepkeret.hu\/?post_type=referenciak&#038;p=5951"},"modified":"2025-12-15T15:17:48","modified_gmt":"2025-12-15T15:17:48","slug":"olasz-mester-xiv-szazad-madonna-gyermekevel","status":"publish","type":"referenciak","link":"https:\/\/peterkepkeret.hu\/en\/referenciak\/olasz-mester-xiv-szazad-madonna-gyermekevel\/","title":{"rendered":"Italian master (16th century) - Madonna with Child"},"content":{"rendered":"<p><img fetchpriority=\"high\" decoding=\"async\" class=\"alignnone  wp-image-5952\" src=\"https:\/\/peterkepkeret.hu\/wp-content\/uploads\/2025\/12\/madonna_kesz-257x300.jpg\" alt=\"\" width=\"588\" height=\"686\" srcset=\"https:\/\/peterkepkeret.hu\/wp-content\/uploads\/2025\/12\/madonna_kesz-257x300.jpg 257w, https:\/\/peterkepkeret.hu\/wp-content\/uploads\/2025\/12\/madonna_kesz-876x1024.jpg 876w, https:\/\/peterkepkeret.hu\/wp-content\/uploads\/2025\/12\/madonna_kesz-1314x1536.jpg 1314w, https:\/\/peterkepkeret.hu\/wp-content\/uploads\/2025\/12\/madonna_kesz-10x12.jpg 10w, https:\/\/peterkepkeret.hu\/wp-content\/uploads\/2025\/12\/madonna_kesz.jpg 1446w\" sizes=\"(max-width: 588px) 100vw, 588px\" \/><\/p>\n<p>Casetta style frame with punchwork | Private collection, 2025<\/p>","protected":false},"excerpt":{"rendered":"<p>Casetta style frame with punchwork | Private collection, 2025<\/p>","protected":false},"featured_media":5952,"template":"","class_list":["post-5951","referenciak","type-referenciak","status-publish","has-post-thumbnail","hentry"],"yoast_head":"<!-- This site is optimized with the Yoast SEO plugin v27.4 - https:\/\/yoast.com\/product\/yoast-seo-wordpress\/ -->\n<title>Olasz mester (XIV. sz\u00e1zad): Madonna gyermek\u00e9vel - P\u00e9ter k\u00e9pkeret<\/title>\n<meta name=\"robots\" content=\"index, follow, max-snippet:-1, max-image-preview:large, max-video-preview:-1\" \/>\n<link rel=\"canonical\" href=\"https:\/\/peterkepkeret.hu\/en\/referenciak\/olasz-mester-xiv-szazad-madonna-gyermekevel\/\" \/>\n<meta property=\"og:locale\" content=\"en_GB\" \/>\n<meta property=\"og:type\" content=\"article\" \/>\n<meta property=\"og:title\" content=\"Olasz mester (XIV. sz\u00e1zad): Madonna gyermek\u00e9vel - P\u00e9ter k\u00e9pkeret\" \/>\n<meta property=\"og:description\" content=\"Poncolt val\u00f3di aranyozott &quot;casetta&quot; keret | mag\u00e1ngy\u0171jtem\u00e9ny, 2025\" \/>\n<meta property=\"og:url\" content=\"https:\/\/peterkepkeret.hu\/en\/referenciak\/olasz-mester-xiv-szazad-madonna-gyermekevel\/\" \/>\n<meta property=\"og:site_name\" content=\"P\u00e9ter k\u00e9pkeret\" \/>\n<meta property=\"og:image\" content=\"https:\/\/peterkepkeret.hu\/wp-content\/uploads\/2025\/12\/madonna_kesz.jpg\" \/>\n\t<meta property=\"og:image:width\" content=\"1446\" \/>\n\t<meta property=\"og:image:height\" content=\"1690\" \/>\n\t<meta property=\"og:image:type\" content=\"image\/jpeg\" \/>\n<meta name=\"twitter:card\" content=\"summary_large_image\" \/>\n<meta name=\"twitter:label1\" content=\"Estimated reading time\" \/>\n\t<meta name=\"twitter:data1\" content=\"1 minute\" \/>\n<script type=\"application\/ld+json\" class=\"yoast-schema-graph\">{\"@context\":\"https:\\\/\\\/schema.org\",\"@graph\":[{\"@type\":\"WebPage\",\"@id\":\"https:\\\/\\\/peterkepkeret.hu\\\/referenciak\\\/olasz-mester-xiv-szazad-madonna-gyermekevel\\\/\",\"url\":\"https:\\\/\\\/peterkepkeret.hu\\\/referenciak\\\/olasz-mester-xiv-szazad-madonna-gyermekevel\\\/\",\"name\":\"Olasz mester (XIV. sz\u00e1zad): Madonna gyermek\u00e9vel - P\u00e9ter k\u00e9pkeret\",\"isPartOf\":{\"@id\":\"https:\\\/\\\/peterkepkeret.hu\\\/#website\"},\"primaryImageOfPage\":{\"@id\":\"https:\\\/\\\/peterkepkeret.hu\\\/referenciak\\\/olasz-mester-xiv-szazad-madonna-gyermekevel\\\/#primaryimage\"},\"image\":{\"@id\":\"https:\\\/\\\/peterkepkeret.hu\\\/referenciak\\\/olasz-mester-xiv-szazad-madonna-gyermekevel\\\/#primaryimage\"},\"thumbnailUrl\":\"https:\\\/\\\/peterkepkeret.hu\\\/wp-content\\\/uploads\\\/2025\\\/12\\\/madonna_kesz.jpg\",\"datePublished\":\"2025-12-15T15:17:48+00:00\",\"breadcrumb\":{\"@id\":\"https:\\\/\\\/peterkepkeret.hu\\\/referenciak\\\/olasz-mester-xiv-szazad-madonna-gyermekevel\\\/#breadcrumb\"},\"inLanguage\":\"en-GB\",\"potentialAction\":[{\"@type\":\"ReadAction\",\"target\":[\"https:\\\/\\\/peterkepkeret.hu\\\/referenciak\\\/olasz-mester-xiv-szazad-madonna-gyermekevel\\\/\"]}]},{\"@type\":\"ImageObject\",\"inLanguage\":\"en-GB\",\"@id\":\"https:\\\/\\\/peterkepkeret.hu\\\/referenciak\\\/olasz-mester-xiv-szazad-madonna-gyermekevel\\\/#primaryimage\",\"url\":\"https:\\\/\\\/peterkepkeret.hu\\\/wp-content\\\/uploads\\\/2025\\\/12\\\/madonna_kesz.jpg\",\"contentUrl\":\"https:\\\/\\\/peterkepkeret.hu\\\/wp-content\\\/uploads\\\/2025\\\/12\\\/madonna_kesz.jpg\",\"width\":1446,\"height\":1690},{\"@type\":\"BreadcrumbList\",\"@id\":\"https:\\\/\\\/peterkepkeret.hu\\\/referenciak\\\/olasz-mester-xiv-szazad-madonna-gyermekevel\\\/#breadcrumb\",\"itemListElement\":[{\"@type\":\"ListItem\",\"position\":1,\"name\":\"Kezd\u0151lap\",\"item\":\"https:\\\/\\\/peterkepkeret.hu\\\/\"},{\"@type\":\"ListItem\",\"position\":2,\"name\":\"Referenci\u00e1k\",\"item\":\"https:\\\/\\\/peterkepkeret.hu\\\/referenciak\\\/\"},{\"@type\":\"ListItem\",\"position\":3,\"name\":\"Olasz mester (XIV. sz\u00e1zad): Madonna gyermek\u00e9vel\"}]},{\"@type\":\"WebSite\",\"@id\":\"https:\\\/\\\/peterkepkeret.hu\\\/#website\",\"url\":\"https:\\\/\\\/peterkepkeret.hu\\\/\",\"name\":\"P\u00e9ter k\u00e9pkeret\",\"description\":\"Nek\u00fcnk m\u0171kincs, \u00d6nnek szem\u00e9lyes t\u00f6rt\u00e9net!\",\"potentialAction\":[{\"@type\":\"SearchAction\",\"target\":{\"@type\":\"EntryPoint\",\"urlTemplate\":\"https:\\\/\\\/peterkepkeret.hu\\\/?s={search_term_string}\"},\"query-input\":{\"@type\":\"PropertyValueSpecification\",\"valueRequired\":true,\"valueName\":\"search_term_string\"}}],\"inLanguage\":\"en-GB\"}]}<\/script>\n<!-- \/ Yoast SEO plugin. -->","yoast_head_json":{"title":"Olasz mester (XIV. sz\u00e1zad): Madonna gyermek\u00e9vel - P\u00e9ter k\u00e9pkeret","robots":{"index":"index","follow":"follow","max-snippet":"max-snippet:-1","max-image-preview":"max-image-preview:large","max-video-preview":"max-video-preview:-1"},"canonical":"https:\/\/peterkepkeret.hu\/en\/referenciak\/olasz-mester-xiv-szazad-madonna-gyermekevel\/","og_locale":"en_GB","og_type":"article","og_title":"Olasz mester (XIV. sz\u00e1zad): Madonna gyermek\u00e9vel - P\u00e9ter k\u00e9pkeret","og_description":"Poncolt val\u00f3di aranyozott \"casetta\" keret | mag\u00e1ngy\u0171jtem\u00e9ny, 2025","og_url":"https:\/\/peterkepkeret.hu\/en\/referenciak\/olasz-mester-xiv-szazad-madonna-gyermekevel\/","og_site_name":"P\u00e9ter k\u00e9pkeret","og_image":[{"width":1446,"height":1690,"url":"https:\/\/peterkepkeret.hu\/wp-content\/uploads\/2025\/12\/madonna_kesz.jpg","type":"image\/jpeg"}],"twitter_card":"summary_large_image","twitter_misc":{"Estimated reading time":"1 minute"},"schema":{"@context":"https:\/\/schema.org","@graph":[{"@type":"WebPage","@id":"https:\/\/peterkepkeret.hu\/referenciak\/olasz-mester-xiv-szazad-madonna-gyermekevel\/","url":"https:\/\/peterkepkeret.hu\/referenciak\/olasz-mester-xiv-szazad-madonna-gyermekevel\/","name":"Olasz mester (XIV. sz\u00e1zad): Madonna gyermek\u00e9vel - P\u00e9ter k\u00e9pkeret","isPartOf":{"@id":"https:\/\/peterkepkeret.hu\/#website"},"primaryImageOfPage":{"@id":"https:\/\/peterkepkeret.hu\/referenciak\/olasz-mester-xiv-szazad-madonna-gyermekevel\/#primaryimage"},"image":{"@id":"https:\/\/peterkepkeret.hu\/referenciak\/olasz-mester-xiv-szazad-madonna-gyermekevel\/#primaryimage"},"thumbnailUrl":"https:\/\/peterkepkeret.hu\/wp-content\/uploads\/2025\/12\/madonna_kesz.jpg","datePublished":"2025-12-15T15:17:48+00:00","breadcrumb":{"@id":"https:\/\/peterkepkeret.hu\/referenciak\/olasz-mester-xiv-szazad-madonna-gyermekevel\/#breadcrumb"},"inLanguage":"en-GB","potentialAction":[{"@type":"ReadAction","target":["https:\/\/peterkepkeret.hu\/referenciak\/olasz-mester-xiv-szazad-madonna-gyermekevel\/"]}]},{"@type":"ImageObject","inLanguage":"en-GB","@id":"https:\/\/peterkepkeret.hu\/referenciak\/olasz-mester-xiv-szazad-madonna-gyermekevel\/#primaryimage","url":"https:\/\/peterkepkeret.hu\/wp-content\/uploads\/2025\/12\/madonna_kesz.jpg","contentUrl":"https:\/\/peterkepkeret.hu\/wp-content\/uploads\/2025\/12\/madonna_kesz.jpg","width":1446,"height":1690},{"@type":"BreadcrumbList","@id":"https:\/\/peterkepkeret.hu\/referenciak\/olasz-mester-xiv-szazad-madonna-gyermekevel\/#breadcrumb","itemListElement":[{"@type":"ListItem","position":1,"name":"Kezd\u0151lap","item":"https:\/\/peterkepkeret.hu\/"},{"@type":"ListItem","position":2,"name":"Referenci\u00e1k","item":"https:\/\/peterkepkeret.hu\/referenciak\/"},{"@type":"ListItem","position":3,"name":"Olasz mester (XIV. sz\u00e1zad): Madonna gyermek\u00e9vel"}]},{"@type":"WebSite","@id":"https:\/\/peterkepkeret.hu\/#website","url":"https:\/\/peterkepkeret.hu\/","name":"P\u00e9ter k\u00e9pkeret","description":"For us, it's a piece of art; \nfor you, it's a personal story","potentialAction":[{"@type":"SearchAction","target":{"@type":"EntryPoint","urlTemplate":"https:\/\/peterkepkeret.hu\/?s={search_term_string}"},"query-input":{"@type":"PropertyValueSpecification","valueRequired":true,"valueName":"search_term_string"}}],"inLanguage":"en-GB"}]}},"_links":{"self":[{"href":"https:\/\/peterkepkeret.hu\/en\/wp-json\/wp\/v2\/referenciak\/5951","targetHints":{"allow":["GET"]}}],"collection":[{"href":"https:\/\/peterkepkeret.hu\/en\/wp-json\/wp\/v2\/referenciak"}],"about":[{"href":"https:\/\/peterkepkeret.hu\/en\/wp-json\/wp\/v2\/types\/referenciak"}],"wp:featuredmedia":[{"embeddable":true,"href":"https:\/\/peterkepkeret.hu\/en\/wp-json\/wp\/v2\/media\/5952"}],"wp:attachment":[{"href":"https:\/\/peterkepkeret.hu\/en\/wp-json\/wp\/v2\/media?parent=5951"}],"curies":[{"name":"wp","href":"https:\/\/api.w.org\/{rel}","templated":true}]}}

<!-- This site is optimized with the Yoast SEO plugin v27.4 - https://yoast.com/product/yoast-seo-wordpress/ -->
<title>Olasz mester (XIV. század): Madonna gyermekével - Péter képkeret</title>
<meta name="robots" content="index, follow, max-snippet:-1, max-image-preview:large, max-video-preview:-1" />
<link rel="canonical" href="https://peterkepkeret.hu/en/referenciak/olasz-mester-xiv-szazad-madonna-gyermekevel/" />
<meta property="og:locale" content="en_GB" />
<meta property="og:type" content="article" />
<meta property="og:title" content="Olasz mester (XIV. század): Madonna gyermekével - Péter képkeret" />
<meta property="og:description" content="Poncolt valódi aranyozott &quot;casetta&quot; keret | magángyűjtemény, 2025" />
<meta property="og:url" content="https://peterkepkeret.hu/en/referenciak/olasz-mester-xiv-szazad-madonna-gyermekevel/" />
<meta property="og:site_name" content="Péter képkeret" />
<meta property="og:image" content="https://peterkepkeret.hu/wp-content/uploads/2025/12/madonna_kesz.jpg" />
	<meta property="og:image:width" content="1446" />
	<meta property="og:image:height" content="1690" />
	<meta property="og:image:type" content="image/jpeg" />
<meta name="twitter:card" content="summary_large_image" />
<meta name="twitter:label1" content="Estimated reading time" />
	<meta name="twitter:data1" content="1 minute" />
<script type="application/ld+json" class="yoast-schema-graph">{"@context":"https:\/\/schema.org","@graph":[{"@type":"WebPage","@id":"https:\/\/peterkepkeret.hu\/referenciak\/olasz-mester-xiv-szazad-madonna-gyermekevel\/","url":"https:\/\/peterkepkeret.hu\/referenciak\/olasz-mester-xiv-szazad-madonna-gyermekevel\/","name":"Olasz mester (XIV. század): Madonna gyermekével - Péter képkeret","isPartOf":{"@id":"https:\/\/peterkepkeret.hu\/#website"},"primaryImageOfPage":{"@id":"https:\/\/peterkepkeret.hu\/referenciak\/olasz-mester-xiv-szazad-madonna-gyermekevel\/#primaryimage"},"image":{"@id":"https:\/\/peterkepkeret.hu\/referenciak\/olasz-mester-xiv-szazad-madonna-gyermekevel\/#primaryimage"},"thumbnailUrl":"https:\/\/peterkepkeret.hu\/wp-content\/uploads\/2025\/12\/madonna_kesz.jpg","datePublished":"2025-12-15T15:17:48+00:00","breadcrumb":{"@id":"https:\/\/peterkepkeret.hu\/referenciak\/olasz-mester-xiv-szazad-madonna-gyermekevel\/#breadcrumb"},"inLanguage":"en-GB","potentialAction":[{"@type":"ReadAction","target":["https:\/\/peterkepkeret.hu\/referenciak\/olasz-mester-xiv-szazad-madonna-gyermekevel\/"]}]},{"@type":"ImageObject","inLanguage":"en-GB","@id":"https:\/\/peterkepkeret.hu\/referenciak\/olasz-mester-xiv-szazad-madonna-gyermekevel\/#primaryimage","url":"https:\/\/peterkepkeret.hu\/wp-content\/uploads\/2025\/12\/madonna_kesz.jpg","contentUrl":"https:\/\/peterkepkeret.hu\/wp-content\/uploads\/2025\/12\/madonna_kesz.jpg","width":1446,"height":1690},{"@type":"BreadcrumbList","@id":"https:\/\/peterkepkeret.hu\/referenciak\/olasz-mester-xiv-szazad-madonna-gyermekevel\/#breadcrumb","itemListElement":[{"@type":"ListItem","position":1,"name":"Kezdőlap","item":"https:\/\/peterkepkeret.hu\/"},{"@type":"ListItem","position":2,"name":"Referenciák","item":"https:\/\/peterkepkeret.hu\/referenciak\/"},{"@type":"ListItem","position":3,"name":"Olasz mester (XIV. század): Madonna gyermekével"}]},{"@type":"WebSite","@id":"https:\/\/peterkepkeret.hu\/#website","url":"https:\/\/peterkepkeret.hu\/","name":"Péter képkeret","description":"Nekünk műkincs, Önnek személyes történet!","potentialAction":[{"@type":"SearchAction","target":{"@type":"EntryPoint","urlTemplate":"https:\/\/peterkepkeret.hu\/?s={search_term_string}"},"query-input":{"@type":"PropertyValueSpecification","valueRequired":true,"valueName":"search_term_string"}}],"inLanguage":"en-GB"}]}</script>
<!-- / Yoast SEO plugin. -->

Olasz mester (XIV. század): Madonna gyermekével - Péter képkeret

Poncolt valódi aranyozott "casetta" keret | magángyűjtemény, 2025

Péter képkeret

Kezdőlap

Referenciák

Olasz mester (XIV. század): Madonna gyermekével
